usands digit of 3377819450?
1
What is the millions digit of 197457753?
7
What is the ten millions digit of 12989360?
1
What is the millions digit of 131039969?
1
What is the units digit of 7562692?
2
What is the millions digit of 1750360939?
0
What is the units digit of 7932271569?
9
What is the ten thousands digit of 109054302?
5
What is the units digit of 76687243?
3
What is the hundred millions digit of 270291583?
2
What is the hundreds digit of 50671203?
2
What is the ten millions digit of 104119320?
0
What is the millions digit of 37448143?
7
What is the units digit of 201249294?
4
What is the ten millions digit of 80133404?
8
What is the billions digit of 4096355080?
4
What is the ten millions digit of 2553578861?
5
What is the ten thousands digit of 432287318?
8
What is the hundreds digit of 131770280?
2
What is the units digit of 62900060?
0
What is the hundreds digit of 45159488?
4
What is the ten thousands digit of 1477406173?
0
What is the ten millions digit of 185066033?
8
What is the hundred thousands digit of 8042828207?
8
What is the hundreds digit of 2461779444?
4
What is the hundred millions digit of 838624260?
8
What is the hundred thousands digit of 18729963?
7
What is the millions digit of 1224432398?
4
What is the hundred thousands digit of 47294342?
2
What is the ten millions digit of 111976596?
1
What is the hundreds digit of 590674931?
9
What is the hundred thousands digit of 1462361518?
3
What is the thousands digit of 691364922?
4
What is the hundred millions digit of 2095847804?
0
What is the ten millions digit of 225330878?
2
What is the hundreds digit of 119205465?
4
What is the ten millions digit of 594487054?
9
What is the tens digit of 32473944?
4
What is the thousands digit of 902121691?
1
What is the ten millions digit of 43355597?
4
What is the hundred thousands digit of 33923512?
9
What is the ten thousands digit of 19477746?
7
What is the hundreds digit of 174799048?
0
What is the ten thousands digit of 81426970?
2
What is the thousands digit of 1305819299?
9
What is the tens digit of 277827656?
5
What is the ten thousands digit of 258997058?
9
What is the ten thousands digit of 43904368?
0
What is the billions digit of 1629563204?
1
What is the units digit of 17058230?
0
What is the hundred thousands digit of 60631998?
6
What is the hundreds digit of 43621095?
0
What is the ten thousands digit of 317759181?
5
What is the ten thousands digit of 528976579?
7
What is the millions digit of 2735760438?
5
What is the hundred millions digit of 595248641?
5
What is the hundred thousands digit of 344014574?
0
What is the tens digit of 1709835483?
8
What is the hundred millions digit of 198271183?
1
What is the hundred thousands digit of 63515639?
5
What is the hundred thousands digit of 32024739?
0
What is the units digit of 38335932?
2
What is the hundred millions digit of 5897362772?
8
What is the hundred millions digit of 838031655?
8
What is the units digit of 220689724?
4
What is the ten millions digit of 265824946?
6
What is the ten thousands digit of 108085412?
8
What is the hundred thousands digit of 66512409?
5
What is the tens digit of 22967183?
8
What is the tens digit of 229276679?
7
What is the hundred thousands digit of 3509861055?
8
What is the hundred thousands digit of 2762655894?
6
What is the millions digit of 2426318759?
6
What is the ten millions digit of 114746429?
1
What is the ten thousands digit of 60338423?
3
What is the tens digit of 615658527?
2
What is the hundreds digit of 93457129?
1
What is the ten thousands digit of 6674116?
7
What is the millions digit of 197098973?
7
What is the units digit of 585778103?
3
What is the units digit of 514388802?
2
What is the ten thousands digit of 7549695?
4
What is the ten millions digit of 3086942872?
8
What is the ten thousands digit of 539298357?
9
What is the ten millions digit of 1924885265?
2
What is the units digit of 422789450?
0
What is the ten millions digit of 136958311?
3
What is the ten thousands digit of 25692080?
9
What is the tens digit of 40387005?
0
What is the ten thousands digit of 489530834?
3
What is the ten millions digit of 178202672?
7
What is the hundred millions digit of 3931779486?
9
What is the units digit of 295975773?
3
What is the millions digit of 6081092119?
1
What is the millions digit of 11226849?
1
What is the hundreds digit of 37066189?
1
What is the millions digit of 71471181?
1
What is the thousands digit of 15070626?
0
What is the ten thousands digit of 78341154?
4
What is the ten millions digit of 54608026?
5
What is the tens digit of 400888816?
1
What is the hundred millions digit of 517201807?
5
What is the thousands digit of 6275998139?
8
What is the ten millions digit of 236661200?
3
What is the ten thousands digit of 340958084?
5
What is the units digit of 2134110463?
3
What is the ten millions digit of 285905588?
8
What is the tens digit of 2452139089?
8
What is the hundred thousands digit of 708628688?
6
What is the units digit of 85812337?
7
What is the hundreds digit of 751376545?
5
What is the thousands digit of 1520596259?
6
What is the thousands digit of 139188036?
8
What is the units digit of 473199059?
9
What is the ten thousands digit of 62624622?
2
What is the millions digit of 180228400?
0
What is the millions digit of 254753234?
4
What is the hundred millions digit of 379582060?
3
What is the ten thousands digit of 442508978?
0
What is the hundreds digit of 24289654?
6
What is the units digit of 1487190300?
0
What is the millions digit of 7882150467?
2
What is the units digit of 401786322?
2
What is the ten thousands digit of 55167834?
6
What is the ten thousands digit of 10262942?
6
What is the hundred millions digit of 156885464?
1
What is the hundreds digit of 13639152?
1
What is the units digit of 29336629?
9
What is the ten millions digit of 1114874346?
1
What is the hundreds digit of 782586741?
7
What is the ten thousands digit of 358915771?
1
What is the hundred thousands digit of 275978511?
9
What is the ten thousands digit of 71195463?
9
What is the hundred thousands digit of 67170112?
1
What is the tens digit of 34701371?
7
What is the ten thousands digit of 134029828?
2
What is the billions digit of 1479249379?
1
What is the tens digit of 186534830?
3
What is the hundred thousands digit of 237237196?
2
What is the hundreds digit of 325751805?
8
What is the hundred thousands digit of 2439704170?
7
What is the millions digit of 4308609728?
8
What is the hundred thousands digit of 344823506?
8
What is the hundred thousands digit of 551062828?
0
What is the hundred thousands digit of 218046967?
0
What is the ten thousands digit of 1024288571?
8
What is the hundred millions digit of 134371081?
1
What is the millions digit of 620390200?
0
What is the millions digit of 65829761?
5
What is the ten thousands digit of 479453404?
5
What is the hundreds digit of 1034253221?
2
What is the units digit of 390927519?
9
What is the hundred millions digit of 723519559?
7
What is the billions digit of 4131807722?
4
What is the millions digit of 352982706?
2
What is the ten thousands digit of 5749022502?
2
What is the tens digit of 7604082?
8
What is the thousands digit of 40197908?
7
What is the ten millions digit of 1441673227?
4
What is the millions digit of 4427920332?
7
What is the hundreds digit of 667120488?
4
What is the billions digit of 3705260892?
3
What is the tens digit of 259395564?
6
What is the thousands digit of 4298814042?
4
What is the hundred thousands digit of 3394923538?
9
What is the hundred thousands digit of 430766613?
7
What is the millions digit of 857381777?
7
What is the millions digit of 574243528?
4
What is the thousands digit of 129702311?
2
What is the ten thousands digit of 294374292?
7
What is the thousands digit of 21642055?
2
What is the hundred thousands digit of 372307181?
3
What is the tens digit of 5951025320?
2
What is the thousands digit of 89744094?
4
What is the billions digit of 9796265189?
9
What is the millions digit of 2416361909?
6
What is the millions digit of 57992832?
7
What is the ten millions digit of 936147323?
3
What is the tens digit of 22753185?
8
What is the ten millions digit of 236018671?
3
What is the units digit of 51968269?
9
Wh